 is the millions digit of 79239460?
9
What is the thousands digit of 99553801?
3
What is the tens digit of 717109841?
4
What is the billions digit of 1104578332?
1
What is the hundreds digit of 63815797?
7
What is the hundreds digit of 1363352852?
8
What is the hundreds digit of 818453843?
8
What is the thousands digit of 348987372?
7
What is the tens digit of 2928512741?
4
What is the millions digit of 18641758?
8
What is the thousands digit of 32281223?
1
What is the hundreds digit of 71821219?
2
What is the thousands digit of 60130225?
0
What is the hundred thousands digit of 6720933289?
9
What is the ten millions digit of 58977305?
5
What is the tens digit of 110570780?
8
What is the thousands digit of 24727255?
7
What is the hundred millions digit of 155989196?
1
What is the tens digit of 716112165?
6
What is the ten millions digit of 596902604?
9
What is the thousands digit of 30657470?
7
What is the hundred thousands digit of 686331057?
3
What is the thousands digit of 83633946?
3
What is the ten millions digit of 936636907?
3
What is the ten millions digit of 2839768214?
3
What is the hundred thousands digit of 3607901920?
9
What is the ten millions digit of 813775346?
1
What is the units digit of 181198317?
7
What is the hundred thousands digit of 160460005?
4
What is the hundred thousands digit of 197751159?
7
What is the ten millions digit of 59259676?
5
What is the thousands digit of 51718329?
8
What is the units digit of 154936233?
3
What is the ten thousands digit of 1383682903?
8
What is the ten millions digit of 44365173?
4
What is the units digit of 1400772586?
6
What is the ten thousands digit of 3118312426?
1
What is the tens digit of 83295594?
9
What is the hundred millions digit of 4832041823?
8
What is the hundred millions digit of 312436825?
3
What is the billions digit of 1587736038?
1
What is the tens digit of 130919369?
6
What is the hundred thousands digit of 497064447?
0
What is the millions digit of 3551704?
3
What is the hundred thousands digit of 846339890?
3
What is the ten thousands digit of 25833742?
3
What is the millions digit of 968003973?
8
What is the millions digit of 435896479?
5
What is the ten thousands digit of 135469399?
6
What is the hundreds digit of 105925381?
3
What is the tens digit of 94513001?
0
What is the thousands digit of 1605915232?
5
What is the ten thousands digit of 47757098?
5
What is the units digit of 65762416?
6
What is the ten thousands digit of 551212456?
1
What is the hundreds digit of 234333943?
9
What is the thousands digit of 34055695?
5
What is the tens digit of 725263977?
7
What is the hundred thousands digit of 337015525?
0
What is the hundred thousands digit of 35721130?
7
What is the ten millions digit of 23891255?
2
What is the units digit of 906238680?
0
What is the billions digit of 5509834108?
5
What is the millions digit of 189003390?
9
What is the thousands digit of 34062990?
2
What is the ten thousands digit of 48654143?
5
What is the tens digit of 1232577739?
3
What is the units digit of 284279797?
7
What is the hundred thousands digit of 1295849698?
8
What is the hundreds digit of 7551000282?
2
What is the millions digit of 41055110?
1
What is the thousands digit of 41738492?
8
What is the millions digit of 167572623?
7
What is the ten millions digit of 58043502?
5
What is the ten thousands digit of 3249346143?
4
What is the units digit of 17953273?
3
What is the millions digit of 53474427?
3
What is the units digit of 215063929?
9
What is the units digit of 145140098?
8
What is the units digit of 33511721?
1
What is the ten millions digit of 530045103?
3
What is the tens digit of 4299774981?
8
What is the tens digit of 7805943583?
8
What is the units digit of 248096109?
9
What is the units digit of 671480154?
4
What is the hundreds digit of 591139031?
0
What is the billions digit of 1744629666?
1
What is the millions digit of 66281097?
6
What is the ten millions digit of 3668390869?
6
What is the thousands digit of 70808415?
8
What is the ten thousands digit of 38383243?
8
What is the millions digit of 124010079?
4
What is the units digit of 2290873833?
3
What is the ten millions digit of 2089024874?
8
What is the thousands digit of 4657847757?
7
What is the hundred thousands digit of 327019103?
0
What is the tens digit of 32572439?
3
What is the tens digit of 123448418?
1
What is the thousands digit of 165654552?
4
What is the ten millions digit of 691951650?
9
What is the hundreds digit of 1340470157?
1
What is the ten thousands digit of 411760857?
6
What is the thousands digit of 2514403815?
3
What is the thousands digit of 736728459?
8
What is the millions digit of 14136104?
4
What is the ten millions digit of 44037565?
4
What is the thousands digit of 292885549?
5
What is the tens digit of 28649177?
7
What is the billions digit of 1429190873?
1
What is the ten thousands digit of 78390938?
9
What is the thousands digit of 646843804?
3
What is the tens digit of 1319002993?
9
What is the units digit of 991653291?
1
What is the units digit of 251196754?
4
What is the millions digit of 1138256407?
8
What is the ten millions digit of 250025841?
5
What is the ten thousands digit of 19439828?
3
What is the hundreds digit of 5543279?
2
What is the hundred millions digit of 325406022?
3
What is the hundred millions digit of 272472505?
2
What is the tens digit of 1574709970?
7
What is the units digit of 336626014?
4
What is the tens digit of 867243464?
6
What is the ten millions digit of 31067851?
3
What is the millions digit of 5372731?
5
What is the hundred millions digit of 1186164597?
1
What is the ten millions digit of 153323929?
5
What is the tens digit of 995841007?
0
What is the ten millions digit of 492042004?
9
What is the hundred thousands digit of 4735828?
7
What is the ten millions digit of 23605753?
2
What is the tens digit of 223128248?
4
What is the millions digit of 3837427217?
7
What is the thousands digit of 1941259475?
9
What is the millions digit of 3863090778?
3
What is the units digit of 46047180?
0
What is the ten thousands digit of 487688840?
8
What is the millions digit of 1784169492?
4
What is the millions digit of 19148254?
9
What is the millions digit of 11783474?
1
What is the millions digit of 460039478?
0
What is the units digit of 110059224?
4
What is the millions digit of 26257719?
6
What is the thousands digit of 910230622?
0
What is the ten thousands digit of 22894091?
9
What is the tens digit of 23042429?
2
What is the ten thousands digit of 2494978455?
7
What is the tens digit of 634851983?
8
What is the ten millions digit of 36517499?
3
What is the hundred millions digit of 565525195?
5
What is the units digit of 1153181689?
9
What is the hundreds digit of 73144316?
3
What is the units digit of 487452122?
2
What is the thousands digit of 94383324?
3
What is the units digit of 49543717?
7
What is the hundreds digit of 5781626661?
6
What is the ten millions digit of 8273400676?
7
What is the thousands digit of 412349475?
9
What is the ten millions digit of 132664904?
3
What is the units digit of 616286451?
1
What is the billions digit of 3618167357?
3
What is the ten thousands digit of 146271669?
7
What is the thousands digit of 2941298?
1
What is the units digit of 3978256121?
1
What is the units digit of 332259787?
7
What is the millions digit of 34705695?
4
What is the tens digit of 293903415?
1
What is the units digit of 106678969?
9
What is the hundreds digit of 2707805083?
0
What is the ten millions digit of 59176183?
5
What is the ten millions digit of 332695891?
3
What is the hundreds digit of 21098133?
1
What is the hundred thousands digit of 99793227?
7
What is the ten thousands digit of 38404559?
0
What is the millions digit of 63741343?
3
What is the ten millions digit of 57852925?
5
What is the thousands digit of 36497686?
7
What is the hundreds digit of 25978882?
8
What is the ten thousands digit of 66307205?
0
What is the ten thousands digit of 720422632?
2
What is the hundred millions digit of 1365215757?
3
What is the ten millions digit of 1331706513?
3
What is the ten thousands digit of 233358172?
5
What is the tens digit of 2100684017?
1
What is the thousands digit of 68812816?
2
What is the ten millions d